 of 36?
False
Is 12 a factor of 372?
True
Is 79 a multiple of 20?
False
Does 14 divide 686?
True
Does 41 divide 76981?
False
Is 2172 a multiple of 52?
False
Is 12 a multiple of 12?
True
Is 35 a factor of 9065?
True
Is 7 a factor of 259?
True
Is 178 a factor of 5340?
True
Does 2 divide 499?
False
Is 10454 a multiple of 53?
False
Does 19 divide 8854?
True
Is 2834 a multiple of 13?
True
Does 11 divide 748?
True
Is 5668 a multiple of 109?
True
Does 13 divide 1280?
False
Does 10 divide 117340?
True
Does 15 divide 208?
False
Is 64790 a multiple of 10?
True
Is 560 a multiple of 28?
True
Does 11 divide 9548?
True
Is 61 a factor of 4026?
True
Is 34 a factor of 2406?
False
Is 14875 a multiple of 4?
False
Does 191 divide 11269?
True
Is 39 a factor of 20986?
False
Is 51 a factor of 561?
True
Does 13 divide 780?
True
Is 37 a multiple of 3?
False
Is 69 a factor of 207?
True
Does 35 divide 2625?
True
Is 42 a factor of 145782?
True
Does 45 divide 62775?
True
Does 47 divide 611?
True
Is 58 a factor of 29539?
False
Is 13318 a multiple of 79?
False
Is 309 a multiple of 15?
False
Does 18 divide 702?
True
Does 110 divide 30376?
False
Is 23 a factor of 28442?
False
Does 15 divide 277?
False
Is 1062 a multiple of 10?
False
Is 90 a factor of 2864?
False
Does 5 divide 587?
False
Does 5 divide 822?
False
Does 10 divide 10807?
False
Is 33 a factor of 924?
True
Is 8365 a multiple of 10?
False
Is 54 a factor of 1817?
False
Is 84 a factor of 33205?
False
Does 6 divide 1833?
False
Is 107 a factor of 1177?
True
Is 24 a factor of 4662?
False
Is 76271 a multiple of 56?
False
Is 4547 a multiple of 17?
False
Is 8 a factor of 1714?
False
Does 50 divide 11120?
False
Is 1456 a multiple of 13?
True
Is 56 a factor of 26040?
True
Is 1099 a multiple of 7?
True
Is 19 a factor of 501?
False
Is 52 a factor of 8111?
False
Is 2 a factor of 113?
False
Is 22449 a multiple of 7?
True
Does 38 divide 13058?
False
Is 1589 even?
False
Is 3012 a multiple of 9?
False
Is 17 a factor of 4096?
False
Is 12 a factor of 1788?
True
Is 29 a factor of 46807?
False
Is 941 a multiple of 16?
False
Is 7 a factor of 2030?
True
Is 126 a factor of 6048?
True
Does 10 divide 9665?
False
Is 11 a factor of 1012?
True
Is 1440 a multiple of 24?
True
Does 34 divide 5474?
True
Is 2978 a multiple of 5?
False
Is 103106 a multiple of 31?
True
Is 3100 a multiple of 31?
True
Does 22 divide 66?
True
Is 1700 a multiple of 20?
True
Does 21 divide 588?
True
Does 15 divide 32930?
False
Is 345 a multiple of 15?
True
Is 3560 a multiple of 89?
True
Does 14 divide 216?
False
Is 560 a multiple of 14?
True
Is 23 a factor of 828?
True
Does 10 divide 100?
True
Is 25 a factor of 9868?
False
Is 10029 a multiple of 193?
False
Does 46 divide 552?
True
Is 288 a multiple of 6?
True
Is 11 a factor of 165?
True
Is 168 a multiple of 2?
True
Is 3 a factor of 90?
True
Is 128 a factor of 5423?
False
Does 41 divide 185?
False
Is 52 a factor of 7072?
True
Is 143 a multiple of 5?
False
Is 2610 a multiple of 10?
True
Is 27 a factor of 205?
False
Is 14 a factor of 14?
True
Is 286 a multiple of 17?
False
Is 2863 a multiple of 8?
False
Is 29 a factor of 8191?
False
Is 1363 a multiple of 47?
True
Is 342 a multiple of 19?
True
Is 140 a factor of 18060?
True
Does 126 divide 9932?
False
Is 129 a factor of 72498?
True
Does 16 divide 1312?
True
Is 8 a factor of 110?
False
Does 81 divide 2241?
False
Is 1530 a multiple of 9?
True
Does 80 divide 1652?
False
Is 17315 a multiple of 11?
False
Is 7 a factor of 413?
True
Is 153 a multiple of 2?
False
Does 284 divide 30413?
False
Does 25 divide 14425?
True
Is 176 a multiple of 11?
True
Does 5 divide 2226?
False
Does 22 divide 2647?
False
Does 96 divide 725?
False
Is 43 a multiple of 3?
False
Does 13 divide 12015?
False
Is 11 a factor of 2587?
False
Is 32 a factor of 1214?
False
Is 67 a factor of 8442?
True
Is 129600 a multiple of 120?
True
Is 403 a multiple of 13?
True
Is 10 a factor of 1632?
False
Does 87 divide 19575?
True
Is 31 a factor of 91?
False
Does 27 divide 1944?
True
Is 1735 a multiple of 59?
False
Is 3327 even?
False
Does 54 divide 64802?
False
Is 8 a factor of 320?
True
Is 53 a factor of 2544?
True
Is 61 a factor of 1469?
False
Is 173 a multiple of 10?
False
Is 3 a factor of 536?
False
Is 12225 a multiple of 75?
True
Is 76 a factor of 76?
True
Is 1675 a multiple of 25?
True
Is 46 a factor of 4119?
False
Is 3146 a multiple of 56?
False
Does 39 divide 46917?
True
Is 58 a factor of 13340?
True
Does 25 divide 7203?
False
Is 9 a factor of 8491?
False
Is 392 a multiple of 56?
True
Is 149 a factor of 11324?
True
Is 2567 a multiple of 9?
False
Does 32 divide 256?
True
Is 330 a multiple of 2?
True
Does 38 divide 1786?
True
Is 5796 a multiple of 8?
False
Is 7552 a multiple of 118?
True
Is 4031 a multiple of 56?
False
Is 6 a factor of 458?
False
Is 2147 a multiple of 25?
False
Is 1080 a multiple of 12?
True
Does 2 divide 472?
True
Is 8241 a multiple of 123?
True
Is 51 a factor of 714?
True
Does 42 divide 1118?
False
Does 11 divide 7381?
True
Is 13 a factor of 1014?
True
Is 1680 a multiple of 16?
True
Is 79 a factor of 5530?
True
Does 47 divide 64752?
False
Is 1232 a multiple of 9?
False
Is 3706 a multiple of 17?
True
Is 217 a multiple of 31?
True
Is 7361 a multiple of 14?
False
Is 14 a factor of 613?
False
Is 185 a factor of 37370?
True
Is 57 a factor of 844?
False
Does 9 divide 14?
False
Does 56 divide 3758?
False
Is 8008 a multiple of 13?
True
Does 4 divide 248?
True
Is 1680 a multiple of 42?
True
Is 1624 a multiple of 28?
True
Does 9 divide 273?
False
Is 11 a factor of 141?
False
Does 25 divide 7675?
True
Is 7 a factor of 7926?
False
Is 2357 a multiple of 12?
False
Is 5 a factor of 1172?
False
Does 88 divide 27134?
False
Does 64 divide 27968?
True
Is 14 a factor of 322?
True
Does 33 divide 14084?
False
Does 14 divide 225?
False
Does 20 divide 758?
False
Does 98 divide 1568?
True
Is 55 a factor of 2175?
False
Does 60 divide 10560?
True
Is 39 a factor of 8112?
True
Is 13 a factor of 1820?
True
Is 13 a factor of 1646?
False
Is 141 a multiple of 4?
False
Does 72 divide 3262?
False
Does 4 divide 1155?
False
Does 12 divide 2125?
False
Is 106 a factor of 2226?
True
Is 14 a factor of 1708?
True
Does 4 divide 508?
True
Is 3852 a multiple of 55?
False
Is 87 a multiple of 3?
True
Is 8153 a multiple of 30?
False
Is 1901 a multiple of 312?
False
Is 37 a factor of 3044?
False
Does 60 divide 1140?
True
Is 39 a factor of 61074?
True
Is 61 a factor of 427?
True
Is 2134 a multiple of 194?
True
Does 7 divide 53?
False
Does 23 divide 2116?
True
Is 28 a multiple of 4?
True
Is 30 a factor of 570?
True
Is 2280 a multiple of 38?
True
Is 57 a factor of 1249?
False
Does 9 divide 2358?
True
Is 22 a factor of 1584?
True
Is 774 a multiple of 4?
False
Is 35 a factor of 5634?
False
Does 3 divide 216?
True
Is 4361 a multiple of 5?
False
Does 108 divide 47952?
True
Is 180 a multiple of 3?
True
Is 381 a multiple of 15?
False
Does 4 divide 332?
True
Does 28 divide 455?
False
Is 260 a multiple of 20?
True
Is 27 a factor of 6318?
True
Is 13 a factor of 3380?
True
Is 1333 a multiple of 7?
False
Is 12 a factor of 89579?
False
Does 7 divide 5670?
True
Is 34 a factor of 1919?
False
Does 19 divide 1302?
False
Is 1188 a multiple of 66?
True
Is 930 a multiple of 10?
True
Does 29 divide 530?
False
Does 119 divide 7259?
True
Is 1326 a multiple of 13?
True
Does 14 divide 280?
True
Is 23 a factor of 939?
False
Does 77 divide 462?
True
Does 29 divide 1469?
False
Is 17 a factor of 34?
True
Is 95 a factor of 3420?
True
Is 2289 a multiple of 26?
False
Is 167 a factor of 26070?
False
Is 13 a factor of 1355?
False
Is 944 a multiple of 8?
True
Does 26 divide 4628?
True
Is 207 a multiple of 11?
False
Is 12 a factor of 4031?
False
Is 77 a factor of 1694?
True
Does 3 divide 408?
True
Is 48 a factor of 115536?
True
Does 11 divide 67507?
True
Is 12 a factor of 2470?
False
Does 187 divide 25344?
False
Is 6765 a multiple of 53?
False
Is 21 a factor of 1530?
False
Is 3 a factor of 98?
False
Is 1942 a multiple of 24?
False
Is 28 a factor of 22665?
False
Does 2 divide 69?
False
Does 9 divide 414?
True
Is 19 a factor of 41?
False
Does 7 divide 117?
False
Does 62 divide 434?
True
Is 51 a multiple of 39?
False
Is 25 a factor of 16482?
False
Is 1257 a multiple of 58?
False
Does 76 